 Let k be (12/(-30))/(2/(-10)). Let a(b) = -b**2 - 2*b + 3. Let n be a(k). Let r(y) = n*v(y) - 21*z(y). Give r(5).
9
Let o be (-3)/6*-2*3. Let z = o - 5. Let l be (z/4)/((-5)/50). Let h(x) = x**2 - 7*x. Calculate h(l).
-10
Let n = -46 - -49. Let f(j) = -8*j + 1. Calculate f(n).
-23
Let k(b) = -b**3 - 2*b**2 - 2*b + 1. Let a be k(-2). Let s(m) be the third derivative of 0 - 1/12*m**4 + 5/6*m**3 + 4*m**2 + 0*m. Determine s(a).
-5
Let q(j) be the first derivative of 5*j**2/2 + 2*j - 65. Let s be -4*2/16*6. Give q(s).
-13
Let n(z) = -3*z - 10*z**2 + 3 + 3*z**2 + 6*z**2 + 10*z. Let u be n(7). Let x(a) = -a**3 + 3*a**2 + a + 4. What is x(u)?
7
Let r(y) = -y**2 - 2*y + 1. Suppose 22 = -9*h + 10*h. Let j = h - 26. Calculate r(j).
-7
Let l(d) = 2*d + 5. Let q be 466 + -477 + 0 + 0 + 7. Give l(q).
-3
Let h be -1 - (0 + 3)/1. Let r(n) = n**2 + 5*n + 1. Let w be r(h). Let i be 6/(-1) - (1 + w). Let v(y) = -y**3 - 5*y**2 - 2*y + 2. Give v(i).
-6
Let q(w) = -6*w + 45. Let n(o) = 4*o - 48. Let y(i) = 4*n(i) + 3*q(i). What is y(-25)?
-7
Let z(m) = -4*m**3 - 3 - 13*m + 8*m + 3 + 7*m**2. Let c(p) = -3*p**3 + 6*p**2 - 4*p + 1. Let h(d) = -3*c(d) + 2*z(d). Suppose -10 = -3*x - 2*x. What is h(x)?
-7
Suppose -10 = -f - 4. Suppose t - f*t = -15. Let a(c) = -c**2 + c + 2. What is a(t)?
-4
Suppose 3 = -b, 0 = -j + 5*b + 4 + 5. Let x(i) be the first derivative of i**2/2 - 3*i - 6. Give x(j).
-9
Let h(c) = c + 7. Let l = -298 - -298. What is h(l)?
7
Let c(x) = -x**2 + 6*x - 7. Suppose w - 14 = 22. Let k = -18 + w. Suppose p = -p - 2*h + k, -3*p - 5*h = -35. Calculate c(p).
-2
Let n(t) = -t**3 + 8*t**2 - t + 11. Suppose 9*r + 29 = 10*r. Suppose 8*o = 7*o + 21. Let h = r - o. Calculate n(h).
3
Suppose -q = 2*n - 5, 17 = 5*n + 2*q - q. Suppose -n*j = 3*j. Suppose j = 4*f + f + 15. Let u(g) = -3*g - 4. Give u(f).
5
Let n(r) = -2*r**2 + r + 4. Let v = -2 + 4. Suppose 0 = f + v*f - 9. What is n(f)?
-11
Let g be ((-6)/(-18))/(1/(-27)). Let s(z) be the first derivative of -z**2/2 - 13*z + 51. Give s(g).
-4
Let o(i) = -7*i. Let z(c) = -c**3 + 11*c**2 + 2*c - 20. Let w be z(11). Suppose 3*j = 3*g + 9, 8 = 4*g + w*j - j. Give o(g).
-7
Let l(g) = g**3 + 2*g**2 - 4*g + 4. Let k(w) = 5*w**3 + 10*w**2 - 21*w + 21. Let m(r) = -2*k(r) + 11*l(r). Give m(-3).
-1
Let l(x) = x**2 - 4. Let o be 2/(-23) + (-8)/(-92). What is l(o)?
-4
Suppose 0 = -u + 3 - 2. Let h(j) = 20*j - 1. Give h(u).
19
Suppose 0 = -12*u + 14*u. Let n(r) = 6*r**2 - r + 2 - 10*r**3 + 11*r**3 + u. What is n(-6)?
8
Let k = -440 - -446. Let m(f) = -f - 1. Let h(v) = 2*v**2 - 9*v - 10. Let x(u) = h(u) - 2*m(u). What is x(k)?
22
Let l = 10 + -6. Let g(q) be the second derivative of -3*q**2 + 0 + 8*q + 1/2*q**3. What is g(l)?
6
Suppose 4*l + 10 = 3*l. Let p be (-5 - 0) + (-50)/l. Let j(x) = x**2 - 3. Determine j(p).
-3
Let j(t) = t**2 + 3*t + 4. Let b be (-24)/(1/((4 + -1)/(-3))). Let x = b - 27. Calculate j(x).
4
Let u(l) = l**2 - 2*l + 4. Let g be (-4)/(-18) - 4/18. Let t be u(g). Let r(q) be the first derivative of -q**3/3 + q**2 + q - 10. Calculate r(t).
-7
Let r(i) = -i**3 - 4*i**2 + 5*i + 2. Let n(c) be the first derivative of c**3/3 + 9*c**2/2 + 5*c + 1. Let h be n(-7). Let m = h + 4. Give r(m).
2
Let h(x) = -x + 7. Let j(f) = -f**3 + 706*f - 351*f + 6*f**2 - 7 - 353*f. Let z be j(6). Calculate h(z).
2
Let u(c) = c - 8. Let h(l) be the first derivative of -l**2/2 + 1. Let j(d) = 2*h(d) + u(d). Suppose 4*i + 23 = f, 5*i - 5*f = -0*i - 25. Calculate j(i).
-2
Let l(m) = 10*m + 11*m - 4 - 8*m**3 + 4*m - 22*m + 7*m**3 - 2*m**2. Let k be (-32)/(-4)*(-2)/4. Calculate l(k).
16
Suppose 2*u = 2*n + 8, 2*n - 5*u = 7*n + 10. Let x(b) = -b**2 + 8*b - 10. Let r be x(5). Let g(f) = -r*f + 11*f - 5*f. Give g(n).
-3
Let l be 1/(168/60 + -3). Let y(c) be the second derivative of -c**4/12 - 7*c**3/6 - 3*c**2 + 2*c. Give y(l).
4
Let u(y) = y**2 - 18*y - 84. Let r be u(22). Let c(x) = -x + 4. Determine c(r).
0
Let q(b) = -b**3 - 7*b**2 + 8*b + 7. Suppose 15 = 3*p + 3*r, -4*p + 4*r - 10 = -3*p. Suppose -22 = -3*i + 7*i - 5*c, -p*c - 4 = 0. Calculate q(i).
7
Let t(q) be the first derivative of -2 - 4*q + 0*q**2 + 1/3*q**3. Let z be (6 - 3)/(4/(-4)). Determine t(z).
5
Let y(m) = -11*m + 1. Let i = -23 - -26. Suppose 0 = 2*j + w - 8, -i*w = -4*j - 4. Determine y(j).
-21
Let a(d) = -27*d**2 - 2*d + 1. Suppose -3*j = -k + 16, -4*j + 7 = -3*k + 30. Determine a(k).
-28
Let v(y) = -y**3 - y**2 + 2*y + 4. Let c be v(-2). Let z be c + (0/2)/1. Let k(d) = -6*d + 4*d - 11 - 3*d + z*d. What is k(-5)?
-6
Let r = -18 - -13. Let n be -4*(-4 - -2) + 4. Let c(i) = -3*i - 2*i + 5 + 2*i - n. Calculate c(r).
8
Let d(v) = -v**2 + 5*v + 7. Let h(p) = -2*p**3 + 6*p**2 + 9*p - 21. Let y be h(3). Calculate d(y).
1
Let d(i) = i**2 + 4 + 2*i + 6*i + 6*i. Let c be d(-14). Let o(m) = -m**2 + 6*m - 4. Calculate o(c).
4
Let n(v) be the second derivative of 11/6*v**3 - 2*v + 1/2*v**2 + 0. Determine n(1).
12
Let d(t) be the first derivative of -t**3/3 - 6*t - 1. Let k(i) = i**3 - i**2. Suppose -5*p + 10 = -3*s, -6*s + p = -3*s + 2. Let l be k(s). What is d(l)?
-6
Let y(h) = 11*h**2 - h. Let n = -23 + 27. Suppose -10*u - n = -14*u. Give y(u).
10
Let d be 3 + 1 + (-10 - -6). Let v(u) = -206 + u + 410 - 207. Calculate v(d).
-3
Let o(y) = y**2 - y + 14. Let a(t) = -t**3 + 5*t**2 - 5*t + 7. Let m be a(4). Suppose -10 = -4*h + 5*g, -7 = -m*h + 5*g + 3. Give o(h).
14
Let v(x) = -7*x - 1. Suppose 2*j - 2*c - 14 = 0, -5*j = 5*c - 8 - 7. Let h(d) = d. Let p(k) = j*h(k) + v(k). Calculate p(-3).
5
Suppose 26 = 4*s + 90. Let o be (1/2)/(s/192). Let p(t) = t**3 + 6*t + 9*t**2 - t**2 - t**2 + 6. What is p(o)?
6
Let w(s) = -6*s**2 - 5*s - 7. Let o(a) = -5*a**2 - 5*a - 6. Suppose 2*c + 12 = -c. Let d(y) = c*w(y) + 5*o(y). Determine d(-3).
4
Let m(o) = o - 3. Suppose -8*d = -14 - 10. Suppose -24 = -4*p + 5*n, 7*n - 6 = -p + d*n. Calculate m(p).
3
Let v = -59 - -59. Suppose v*i + i = 1. Let b(q) = 6*q + 1. Give b(i).
7
Let s(i) = i**2 - 6*i + 2. Let c be (-2)/((-7 + 2)/10). Let b be c - 8 - -5 - 31. Let m be ((-60)/(-75))/((-4)/b). What is s(m)?
2
Let q(v) = 28*v - 50. Let i(a) = 13*a - 24. Let s(n) = -13*i(n) + 6*q(n). What is s(7)?
5
Let i = 2/105 - -11/35. Let h(u) be the first derivative of -2 - 1/2*u**2 + i*u**3 + u. Give h(-2).
7
Let x(y) be the third derivative of y**6/360 + 7*y**5/120 - y**4/8 + 14*y**3/3 - 14*y**2. Let w(i) be the first derivative of x(i). What is w(-8)?
5
Suppose 3*a = a + 4. Let x(q) = -3 + 35*q**3 - 77*q**3 + 43*q**3 + 2*q - q**a. Calculate x(2).
5
Let j(t) = -2*t + 4. Let f = 501 - 493. Determine j(f).
-12
Let s(t) = -6*t**2 + 1. Let i(r) = r**2 - 3*r + 1. Suppose -5*l = 5*f + 5, 0*f - 2 = -3*f + 2*l. Suppose f + 2 = 2*g. Let w be i(g). Calculate s(w).
-5
Let u be 4 + 170/(-45) + (-50)/(-18). Let t(v) = 4*v + 3 - 3*v - u*v + 4*v. Determine t(-3).
-3
Suppose 3*q - 7*q + 84 = 0. Let n = -25 + q. Let a(m) = m**2 + 3*m - 3. Calculate a(n).
1
Let w(b) = 6*b - 11. Let g(h) = 3*h - 5. Let p(x) = -5*g(x) + 2*w(x). Let v(c) = -c - 13. Let a be v(-19). Suppose 0 = -a*y - 4 + 22. Give p(y).
-6
Let b(g) be the first derivative of -g**4/4 + 4*g**3 - g**2/2 + 22*g - 497. Calculate b(12).
10
Let r = -393 + 410. Let y(v) be the first derivative of -1/3*v**3 - r*v + 1/2*v**2 + 1/4*v**4 + 8. Determine y(0).
-17
Suppose -8 + 2 = 3*p. Let a = p + 4. Let b(x) = a + 2 + x + 3 - 9. Calculate b(0).
-2
Let h(a) = -15*a + 11. Let c(g) = 5*g - 4. Let r(t) = -8*c(t) - 3*h(t). Let m(f) = -f**3 + f**2 + 11*f - 10. Let y be m(1). Give r(y).
4
Let j(y) = -y**3 - 11*y**2 + 10*y - 7. Let f be 5/10*3*-8. Give j(f).
17
Let o(a) = a**3 + 4*a**2 + a - 2. Let f(x) = x + 13. Let m be f(-6). Suppose v - m = 3*y, 0*v = 4*y - v + 10. Calculate o(y).
4
Let f(t) be the third derivative of -t**5/120 - 23*t**3/6 - 13*t**2. Let u(s) be the first derivative of f(s). Calculate u(3).
-3
Suppose -2*v + 7*v + 20 = 0. Let g(t) be the second derivative of 1/20*t**5 + t + 0 + 1/3*t**4 + 2/3*t**3 + 3*t**2. Calculate g(v).
-10
Let r(l) = 22*l - 1 - 3*l**2 + 1 + l**3 - 46*l + 20*l. Determine r(4).
0
Let d be (27/(-18))/((-1)/(-4)). Let c(h) = -3*h - 15. Let g be c(d). Let z(b) = -5*b**2 - b**3 - 2*b**2 - g*b - b**2 + 3*b**2. What is z(-4)?
-4
Suppose -r + 2*r = 0. Suppose r = -4*y + 2*y + 6. Let z(p) be the first deri